or of 94043181?
False
Does 540 divide 43827480?
True
Is 491 a factor of 5597400?
True
Is 53590479 a multiple of 14?
False
Does 210 divide 889719600?
True
Is 1369 a factor of 348613112?
True
Does 104 divide 434921864?
True
Is 5362 a factor of 403953109?
False
Is 10 a factor of 1296031445?
False
Is 483874023 a multiple of 21?
False
Is 4677 a factor of 1493085002?
False
Does 62 divide 142938954?
True
Is 183792245 a multiple of 5?
True
Does 32 divide 1426874624?
True
Is 602 a factor of 154517146?
True
Is 79670675 a multiple of 35?
True
Is 1581 a factor of 606033?
False
Is 140 a factor of 541168320?
True
Is 527482936 a multiple of 2292?
False
Does 5 divide 33204643?
False
Does 83 divide 1893200535?
True
Is 17 a factor of 53912364?
False
Is 18 a factor of 25518454?
False
Is 26 a factor of 10026458?
True
Is 41648691 a multiple of 17?
True
Is 969 a factor of 189300933?
True
Is 71226653 a multiple of 258?
False
Is 33479495 a multiple of 196?
False
Is 93 a factor of 99045?
True
Is 47165888 a multiple of 1496?
True
Does 877 divide 58566060?
True
Is 178086048 a multiple of 224?
True
Does 8 divide 6971456?
True
Does 66 divide 4125792?
True
Does 67 divide 109303331?
True
Is 436972129 a multiple of 11?
True
Is 126198256 a multiple of 211?
True
Is 932 a factor of 327319966?
False
Is 46 a factor of 234368711?
False
Is 3093 a factor of 144984666?
False
Does 2859 divide 1516447908?
True
Does 4 divide 350861?
False
Is 17 a factor of 61704960?
False
Is 21794 a multiple of 3?
False
Is 11 a factor of 169174784?
False
Is 136 a factor of 274615688?
True
Does 51 divide 134745009?
True
Is 12 a factor of 890875440?
True
Is 534 a factor of 153588038?
False
Does 179 divide 952961632?
True
Does 169 divide 101255064?
False
Is 40949860 a multiple of 8?
False
Does 192 divide 558004818?
False
Is 657082340 a multiple of 3803?
True
Is 660435750 a multiple of 335?
True
Is 12 a factor of 13803155?
False
Is 23 a factor of 71506057?
True
Does 23 divide 110033024?
False
Is 850 a factor of 478642112?
False
Is 1264 a factor of 18200340?
False
Does 4987 divide 508133800?
False
Does 338 divide 39950798?
False
Is 18182159 even?
False
Is 141082262 a multiple of 36?
False
Is 22 a factor of 7935566?
False
Is 14607155 a multiple of 260?
False
Is 181082602 a multiple of 208?
False
Does 89 divide 479588248?
True
Does 447 divide 11683236?
False
Is 116448028 a multiple of 629?
True
Is 3 a factor of 5303333?
False
Is 5904129 a multiple of 7?
True
Is 250559405 a multiple of 661?
False
Is 401 a factor of 32617005?
False
Is 179177817 a multiple of 8?
False
Does 219 divide 16400034?
True
Is 5130789300 a multiple of 260?
True
Is 426 a factor of 34077545?
False
Does 10 divide 339530422?
False
Is 7126813 a multiple of 187?
False
Is 113 a factor of 64588773?
False
Is 4857 a factor of 34916973?
True
Is 1442 a factor of 43088402?
True
Is 799 a factor of 40554982?
False
Does 5 divide 141905020?
True
Does 10 divide 9309148?
False
Is 61704576 a multiple of 261?
True
Does 12 divide 1711384817?
False
Is 7834907 a multiple of 13?
False
Does 182 divide 35408100?
True
Is 53500114 a multiple of 189?
False
Is 2463467 a multiple of 4?
False
Is 647494330 a multiple of 29?
False
Does 28 divide 3608072944?
True
Does 7 divide 521673069?
False
Does 14 divide 18087854?
False
Is 42956423 a multiple of 14?
False
Is 228799490 a multiple of 19?
False
Does 38 divide 2183206476?
True
Is 30 a factor of 8120220?
True
Does 1711 divide 43071003?
True
Is 450 a factor of 111031113?
False
Is 507593 a multiple of 19?
False
Does 827 divide 11748362?
True
Does 113 divide 131073672?
True
Is 31 a factor of 36763469?
False
Does 3703 divide 194922217?
True
Is 1162 a factor of 1408241398?
False
Is 33261816 a multiple of 148?
True
Does 17 divide 9622000?
True
Does 1116 divide 8454464?
False
Is 16673594 a multiple of 43?
True
Is 25756417 even?
False
Is 700375690 a multiple of 818?
True
Does 267 divide 15257808?
False
Does 1401 divide 97838835?
True
Is 95367469 a multiple of 195?
False
Is 106863694 a multiple of 350?
False
Is 36 a factor of 23310684?
True
Is 3 a factor of 612278998?
False
Is 30 a factor of 142326976?
False
Does 12 divide 111938623?
False
Is 63664815 a multiple of 463?
True
Is 1071933651 a multiple of 124?
False
Is 149 a factor of 678114943?
True
Is 291896614 a multiple of 1229?
False
Is 6 a factor of 30159318?
True
Does 18 divide 29817612?
True
Is 97 a factor of 8160705?
False
Is 303552470 a multiple of 505?
True
Is 213683555 a multiple of 11?
False
Is 785599523 a multiple of 23?
True
Is 31994495 a multiple of 15?
False
Is 14 a factor of 8136268?
True
Does 3228 divide 323652727?
False
Is 36449676 a multiple of 1539?
True
Does 1762 divide 29205150?
True
Is 105 a factor of 6860279?
False
Does 5379 divide 142382130?
True
Is 37197582 a multiple of 31?
True
Is 881036808 a multiple of 30?
False
Does 95 divide 121836645?
True
Does 879 divide 46118266?
False
Does 5934 divide 2108729976?
True
Is 110 a factor of 41998584?
False
Is 96 a factor of 35885376?
True
Does 130 divide 251054180?
True
Is 51 a factor of 218012618?
False
Is 1136 a factor of 1404309568?
True
Is 1212475600 a multiple of 2818?
False
Is 10 a factor of 320738520?
True
Is 80238748 a multiple of 361?
True
Does 33 divide 51149560?
False
Is 1800 a factor of 6280571?
False
Is 270649692 a multiple of 1044?
True
Is 1794582168 a multiple of 24?
True
Is 6122 a factor of 1905356371?
False
Is 28 a factor of 52221542?
False
Is 94 a factor of 4008630?
True
Is 6 a factor of 715513092?
True
Is 1846 a factor of 52081198?
True
Is 857568139 a multiple of 3155?
False
Is 1287 a factor of 236106585?
True
Is 288435492 a multiple of 763?
False
Is 170 a factor of 3667410?
True
Does 79 divide 11686979?
False
Does 55 divide 1905967268?
False
Is 11 a factor of 30531171?
True
Is 1154154582 a multiple of 6302?
True
Is 609 a factor of 152281059?
True
Is 1693 a factor of 63625239?
False
Is 212086458 a multiple of 459?
True
Is 76196572 a multiple of 15?
False
Is 5 a factor of 227905?
True
Does 1573 divide 300645917?
True
Does 20 divide 1141478?
False
Does 1188 divide 8706543?
False
Is 1713 a factor of 1731015621?
True
Is 19389658 a multiple of 28?
False
Is 317697708 a multiple of 38?
True
Does 12 divide 38113346?
False
Does 217 divide 32755499?
True
Is 579 a factor of 211559652?
True
Does 21 divide 86730966?
True
Is 609 a factor of 75093843?
False
Is 1464 a factor of 316200576?
True
Does 4096 divide 35483648?
True
Does 3668 divide 3907215956?
True
Does 729 divide 51810030?
True
Does 3896 divide 2820922176?
True
Is 146751820 a multiple of 1292?
True
Is 1428552468 a multiple of 49?
True
Is 1136049396 a multiple of 57?
False
Is 10 a factor of 261111150?
True
Is 64481900 a multiple of 771?
False
Does 613 divide 175557683?
True
Is 16 a factor of 29724528?
True
Does 1024 divide 266315776?
True
Is 27 a factor of 196918776?
True
Does 10 divide 7482954?
False
Does 49 divide 11674593?
True
Is 22883597 a multiple of 61?
False
Does 157 divide 284466102?
True
Is 38 a factor of 30141980?
True
Is 791 a factor of 2271721151?
True
Is 507 a factor of 101979450?
False
Is 14 a factor of 191712371?
False
Is 3579 a factor of 13591129?
False
Does 2097 divide 1877779620?
True
Is 329 a factor of 846561744?
True
Is 23829764 a multiple of 14?
True
Is 54 a factor of 1741932?
True
Is 81055013 a multiple of 2399?
True
Is 11712578 a multiple of 89?
True
Does 58 divide 468952874?
False
Is 37324185 a multiple of 6?
False
Does 40 divide 5340510?
False
Is 146 a factor of 150642983?
False
Is 298 a factor of 38402039?
False
Does 66 divide 1128975804?
True
Is 58753705 a multiple of 8?
False
Does 551 divide 93866156?
True
Is 169 a factor of 445472339?
True
Does 58 divide 243633953?
False
Is 1213318755 a multiple of 979?
True
Is 5217254 a multiple of 7?
True
Is 252421728 a multiple of 1814?
True
Is 23 a factor of 29416126?
True
Is 535318540 a multiple of 322?
False
Is 3254 a factor of 251975104?
False
Is 2884378 a multiple of 2910?
False
Is 108 a factor of 71146456?
False
Is 65 a factor of 416988780?
True
Is 578 a factor of 244857110?
False
Is 551 a factor of 1585870747?
False
Does 3 divide 93960434?
False
Does 19 divide 152131081?
True
Is 316 a factor of 47293562?
False
Is 2049232632 a multiple of 12?
True
Is 135454016 a multiple of 16?
Tr